56?
21
Calculate the remainder when 4791 is divided by 17.
14
Calculate the remainder when 1483 is divided by 124.
119
What is the remainder when 29 is divided by 20?
9
Calculate the remainder when 961 is divided by 51.
43
What is the remainder when 106 is divided by 28?
22
What is the remainder when 300 is divided by 62?
52
What is the remainder when 1095 is divided by 38?
31
What is the remainder when 894 is divided by 161?
89
What is the remainder when 831 is divided by 52?
51
Calculate the remainder when 952 is divided by 314.
10
What is the remainder when 4010 is divided by 68?
66
What is the remainder when 791 is divided by 125?
41
What is the remainder when 3834 is divided by 60?
54
Calculate the remainder when 1839 is divided by 22.
13
Calculate the remainder when 431 is divided by 7.
4
What is the remainder when 168 is divided by 36?
24
Calculate the remainder when 155 is divided by 55.
45
Calculate the remainder when 2357 is divided by 81.
8
Calculate the remainder when 110 is divided by 43.
24
What is the remainder when 323 is divided by 133?
57
Calculate the remainder when 1222 is divided by 24.
22
Calculate the remainder when 386 is divided by 83.
54
Calculate the remainder when 2766 is divided by 228.
30
What is the remainder when 1673 is divided by 213?
182
Calculate the remainder when 529 is divided by 14.
11
What is the remainder when 5289 is divided by 67?
63
Calculate the remainder when 2552 is divided by 10.
2
What is the remainder when 381 is divided by 55?
51
What is the remainder when 1020 is divided by 338?
6
What is the remainder when 304 is divided by 28?
24
Calculate the remainder when 280 is divided by 79.
43
What is the remainder when 1397 is divided by 35?
32
Calculate the remainder when 2483 is divided by 9.
8
What is the remainder when 553 is divided by 26?
7
What is the remainder when 3411 is divided by 45?
36
Calculate the remainder when 855 is divided by 280.
15
Calculate the remainder when 1358 is divided by 668.
22
What is the remainder when 43 is divided by 9?
7
What is the remainder when 179 is divided by 90?
89
What is the remainder when 24 is divided by 13?
11
What is the remainder when 272 is divided by 7?
6
Calculate the remainder when 195 is divided by 91.
13
What is the remainder when 5713 is divided by 15?
13
What is the remainder when 240 is divided by 22?
20
What is the remainder when 546 is divided by 50?
46
Calculate the remainder when 119 is divided by 48.
23
Calculate the remainder when 212 is divided by 60.
32
What is the remainder when 3190 is divided by 86?
8
Calculate the remainder when 281 is divided by 47.
46
What is the remainder when 523 is divided by 31?
27
What is the remainder when 1637 is divided by 37?
9
What is the remainder when 342 is divided by 15?
12
What is the remainder when 42 is divided by 13?
3
Calculate the remainder when 1271 is divided by 26.
23
What is the remainder when 6352 is divided by 20?
12
Calculate the remainder when 40 is divided by 21.
19
Calculate the remainder when 713 is divided by 55.
53
What is the remainder when 18121 is divided by 29?
25
Calculate the remainder when 33 is divided by 16.
1
Calculate the remainder when 10284 is divided by 11.
10
Calculate the remainder when 1006 is divided by 10.
6
Calculate the remainder when 4315 is divided by 120.
115
Calculate the remainder when 442 is divided by 56.
50
What is the remainder when 86 is divided by 10?
6
Calculate the remainder when 109 is divided by 59.
50
Calculate the remainder when 1881 is divided by 41.
36
Calculate the remainder when 91 is divided by 73.
18
What is the remainder when 440 is divided by 21?
20
What is the remainder when 1189 is divided by 1188?
1
What is the remainder when 1167 is divided by 76?
27
Calculate the remainder when 2286 is divided by 26.
24
What is the remainder when 499 is divided by 125?
124
What is the remainder when 377 is divided by 38?
35
What is the remainder when 53 is divided by 9?
8
Calculate the remainder when 462 is divided by 79.
67
What is the remainder when 328 is divided by 104?
16
What is the remainder when 36 is divided by 31?
5
What is the remainder when 6382 is divided by 13?
12
Calculate the remainder when 101 is divided by 17.
16
Calculate the remainder when 79 is divided by 15.
4
Calculate the remainder when 64 is divided by 30.
4
What is the remainder when 324 is divided by 51?
18
What is the remainder when 9786 is divided by 39?
36
Calculate the remainder when 27165 is divided by 94.
93
What is the remainder when 444 is divided by 63?
3
Calculate the remainder when 152 is divided by 51.
50
Calculate the remainder when 282 is divided by 262.
20
What is the remainder when 13 is divided by 10?
3
What is the remainder when 5404 is divided by 34?
32
What is the remainder when 300 is divided by 73?
8
Calculate the remainder when 552 is divided by 15.
12
Calculate the remainder when 406 is divided by 46.
38
Calculate the remainder when 7648 is divided by 306.
304
Calculate the remainder when 146 is divided by 69.
8
Calculate the remainder when 5189 is divided by 37.
9
Calculate the remainder when 139 is divided by 68.
3
Calculate the remainder when 327 is divided by 35.
12
Calculate the remainder when 353 is divided by 167.
19
Calculate the remainder when 25 is divided by 25.
0
Calculate the remainder when 361 is divided by 16.
9
Calculate the remainder when 335 is divided by 100.
35
What is the remainder when 494 is divided by 25?
19
What is the remainder when 374 is divided by 54?
50
What is the remainder when 5167 is divided by 34?
33
Calculate the remainder when 101 is divided by 52.
49
Calculate the remainder when 204 is divided by 176.
28
Calculate the remainder when 779 is divided by 208.
155
Calculate the remainder when 292 is divided by 153.
139
Calculate the remainder when 564 is divided by 44.
36
What is the remainder when 127 is divided by 67?
60
Calculate the remainder when 8327 is divided by 38.
5
What is the remainder when 18168 is divided by 77?
73
Calculate the remainder when 2775 is divided by 52.
19
Calculate the remainder when 335 is divided by 86.
77
What is the remainder when 10231 is divided by 17?
14
Calculate the remainder when 19 is divided by 4.
3
Calculate the remainder when 253 is divided by 64.
61
Calculate the remainder when 463 is divided by 92.
3
What is the remainder when 5248 is divided by 14?
12
What is the remainder when 25 is divided by 8?
1
What is the remainder when 101 is divided by 35?
31
What is the remainder when 665 is divided by 133?
0
Calculate the remainder when 9014 is divided by 1801.
9
Calculate the remainder when 41 is divided by 36.
5
What is the remainder when 63 is divided by 39?
24
What is the remainder when 6222 is divided by 2?
0
Calculate the remainder when 77 is divided by 11.
0
Calculate the remainder when 5523 is divided by 89.
5
What is the remainder when 11466 is divided by 62?
58
What is the remainder when 623 is divided by 129?
107
Calculate the remainder when 161 is divided by 47.
20
Calculate the remainder when 305 is divided by 88.
41
Calculate the remainder when 1224 is divided by 245.
244
What is the remainder when 1254 is divided by 65?
19
What is the remainder when 223 is divided by 3?
1
Calculate the remainder when 47 is divided by 14.
5
Calculate the remainder when 1073 is divided by 133.
9
Calculate the remainder when 1287 is divided by 30.
27
What is the remainder when 326 is divided by 138?
50
What is the remainder when 170 is divided by 89?
81
Calculate the remainder when 363 is divided by 7.
6
What is the remainder when 919 is divided by 77?
72
What is the remainder when 143 is divided by 4?
3
Calculate the remainder when 10291 is divided by 3430.
1
Calculate the remainder when 337 is divided by 195.
142
Calculate the remainder when 632 is divided by 88.
16
What is the remainder when 526 is divided by 22?
20
Calculate the remainder when 660 is divided by 13.
10
What is the remainder when 356 is divided by 355?
1
Calculate the remainder when 6070 is divided by 69.
67
Calculate the remainder when 4049 is divided by 162.
161
What is the remainder when 139 is divided by 50?
39
Calculate the remainder when 152 is divided by 13.
9
Calculate the remainder when 383 is divid